{"id":4882,"date":"2022-02-28T14:41:18","date_gmt":"2022-02-28T13:41:18","guid":{"rendered":"https:\/\/www.wojo.com\/landing\/?page_id=4882"},"modified":"2022-02-28T14:41:18","modified_gmt":"2022-02-28T13:41:18","slug":"tus-nuevas-oficinas-en-barcelona","status":"publish","type":"page","link":"https:\/\/www.wojo.com\/landing\/es\/tus-nuevas-oficinas-en-barcelona\/","title":{"rendered":"Tus nuevas oficinas en Barcelona"},"content":{"rendered":"<h1>Tus nuevas oficinas en Barcelona<\/h1>\n<p dir=\"auto\">L\u00edder franc\u00e9s del coworking, Wojo ha escogido Barcelona para su nueva apertura y se encuentra en el distrito de Poblenou &#8211; <b>Calle Sancho de \u00c1vila 65, 08018 Barcelona<\/b>.<\/p>\nWojo Poblenou &#8211; Barcelona es un espacio de trabajo compartido, escritorios dedicados, salas de reuniones creativas y espacios de vida para intercambiar ideas y conocer gente.\n\n\u00bfQuieres saber m\u00e1s?\n\n<iframe title=\"Wojo Barcelone Poblenou - Pr\u00e9sentation\" width=\"500\" height=\"281\" src=\"https:\/\/www.youtube.com\/embed\/ZRh0FSjPZlQ?start=1&#038;feature=oembed\" frameborder=\"0\" allow=\"accelerometer; autoplay; clipboard-write; encrypted-media; gyroscope; picture-in-picture; web-share\" referrerpolicy=\"strict-origin-when-cross-origin\" allowfullscreen><\/iframe>\n<h2>Oferta lanzamiento<\/h2>\n<figure><img decoding=\"async\" src=\"https:\/\/www.wojo.com\/landing\/wp-content\/uploads\/2020\/09\/Wojo_visuels_poblenou-LP-ES-v2-04-1.jpeg\" alt=\"Wojo x Barcelona : 2 meses Gratuitos\"><figcaption>Wojo x Barcelona : 2 meses Gratuitos<\/figcaption><\/figure>\n<figure><img decoding=\"async\" src=\"https:\/\/www.wojo.com\/landing\/wp-content\/uploads\/2020\/09\/Wojo_visuels_poblenou-LP-ES-v2-03-1.jpeg\" alt=\"Wojo x Barcelona : 2 meses Gratuitos\">\n\n<figcaption>Wojo x Barcelona : 2 meses Gratuitos<\/figcaption><\/figure>\n<figure><img decoding=\"async\" src=\"https:\/\/www.wojo.com\/landing\/wp-content\/uploads\/2020\/09\/Wojo_visuels_poblenou-LP-ES-v2-02-1.jpeg\" alt=\"Wojo x Barcelona : 2 meses Gratuitos\">\n\n<figcaption>Wojo x Barcelona : 2 meses Gratuitos<\/figcaption><\/figure>\n<figure><img decoding=\"async\" src=\"https:\/\/www.wojo.com\/landing\/wp-content\/uploads\/2020\/09\/Wojo_visuels_poblenou-LP-ES-v2-05-1.jpeg\" alt=\"Wojo x Barcelona : 2 meses Gratuitos\">\n\n<figcaption>Wojo x Barcelona : 2 meses Gratuitos<\/figcaption><\/figure>\n<figure><img decoding=\"async\" src=\"https:\/\/www.wojo.com\/landing\/wp-content\/uploads\/2020\/09\/Wojo_visuels_poblenou-LP-ES-v2-01-1.jpeg\" alt=\"Wojo x Barcelona : 2 meses Gratuitos\">\n\n<figcaption>Wojo x Barcelona : 2 meses Gratuitos<\/figcaption><\/figure>\nPrevious\nNext\n\nPara celebrar la apertura, estamos ofreciendo :\n\n\u00a1<b>Dos meses gratis de oficinas privadas<\/b> para toda nueva suscripci\u00f3n* !\n\u00a1<b>Tu puesto de trabajo en coworking a 0 euros <\/b>en septiembre, y tu contrato de tiempo completo al precio de medio tiempo en octubre y noviembre** !\n\n<a href=\"#\" role=\"button\">\nAprovecho la oferta lanzamiento\n<\/a>\n\n<em>* Para toda suscripci\u00f3n de un contrato en firme de 12 meses de duraci\u00f3n como m\u00ednimo. V\u00e1lido para toda subscripci\u00f3n antes del 30\/11\/2020. Reembolso de los 2 meses ofrecidos en forma de nota de cr\u00e9dito despu\u00e9s de 2 meses de presencia en el lugar y pago de facturas en regla. <\/em>\n<em>** Para contratos de trabajo de tiempo completo de 6 meses de duraci\u00f3n como m\u00ednimo. V\u00e1lido para toda subscripci\u00f3n antes del 30\/11\/2020. Sujeto a disponibilidad.<\/em>\n<h2>\u00bfPor qu\u00e9 elegir Wojo ?<\/h2>\n<img loading=\"lazy\" decoding=\"async\" width=\"221\" height=\"190\" src=\"https:\/\/www.wojo.com\/landing\/wp-content\/uploads\/2020\/03\/59-layers@2x.png\" alt=\"\" loading=\"lazy\">\n<h3>Sus beneficios<\/h3>\n<ul>\n \t<li>\n\t\t\t\t\t\t\t\t\t\tContratos flexibles, a la carta<\/li>\n \t<li>\n\t\t\t\t\t\t\t\t\t\tImagen de marca reforzada<\/li>\n \t<li>\n\t\t\t\t\t\t\t\t\t\tServicio de restauraci\u00f3n in situ<\/li>\n \t<li>\n\t\t\t\t\t\t\t\t\t\tAcceso ilimitado incluido a toda la red Wojo (Francia y Europa)<\/li>\n<\/ul>\n<img loading=\"lazy\" decoding=\"async\" width=\"228\" height=\"197\" src=\"https:\/\/www.wojo.com\/landing\/wp-content\/uploads\/2020\/03\/306-layers@2x.png\" alt=\"\" loading=\"lazy\">\n<h3>Nuestros espacios<\/h3>\n<ul>\n \t<li>\n\t\t\t\t\t\t\t\t\t\tDise\u00f1o cuidado, concebido por profesionales del campo de la ergonom\u00eda en el trabajo<\/li>\n \t<li>\n\t\t\t\t\t\t\t\t\t\tLabel Safe &amp; Healthy Workplace (<b>@Socotec<\/b>)<\/li>\n \t<li>\n\t\t\t\t\t\t\t\t\t\tUna variedad de espacios para trabajar, intercambiar ideas y relajarse: coworking, bar, oficinas privadas, \u00e1reas comunes, terraza, etc..<\/li>\n<\/ul>\n<img loading=\"lazy\" decoding=\"async\" width=\"240\" height=\"212\" src=\"https:\/\/www.wojo.com\/landing\/wp-content\/uploads\/2020\/03\/115-layers@2x.png\" alt=\"\" loading=\"lazy\">\n<h3>Nuestros compromisos<\/h3>\n<ul>\n \t<li>\n\t\t\t\t\t\t\t\t\t\tEquipo de Business partners a su lado<\/li>\n \t<li>\n\t\t\t\t\t\t\t\t\t\tApoyo para desarrollar una oficina flexible, mezclando oficinas privadas y puestos de trabajo tranquilos o animados<\/li>\n \t<li>\n\t\t\t\t\t\t\t\t\t\tContratos mejorables, ajustables sin penalizaci\u00f3n, con s\u00f3lo un mes de preaviso<\/li>\n<\/ul>\n<h2>Tarifas<\/h2>\n<h2>Oficina privada: 420\u20ac sin IVA\/puesto por mes*<\/h2>\n<h2>Coworking : a partir de 180\u20ac sin IVA\/por puesto por mes para las subscripciones de medio tiempo*<\/h2>\n<ul>\n \t<li>\n\t\t\t\t\t\t\t\t\t\tAcceso ilimitado a todos nuestros sitios 24\/7\/365<\/li>\n \t<li>\n\t\t\t\t\t\t\t\t\t\tRed Internet y Wifi dedicada, de alta velocidad y segura<\/li>\n \t<li>\n\t\t\t\t\t\t\t\t\t\tAcceso a nuestras instalaciones: terrazas, caja Zen Box, salas de siesta, duchas y vestuarios<\/li>\n \t<li>\n\t\t\t\t\t\t\t\t\t\tCr\u00e9ditos de acceso a nuestras salas de reuniones e impresoras<\/li>\n \t<li>\n\t\t\t\t\t\t\t\t\t\tZonas de trabajo garantizadas con luz del d\u00eda<\/li>\n \t<li>\n\t\t\t\t\t\t\t\t\t\t10% de descuento para todos sus consumos en nuestros 300 Wojo Spots en Francia<\/li>\n<\/ul>\n<a href=\"#\" role=\"button\" id=\"je-decourve-les-btn\">\nAprovecho la oferta lanzamiento\n<\/a>\n<h2>CONF\u00cdAN EN NOSOTROS<\/h2>\n<figure><img decoding=\"async\" src=\"https:\/\/www.wojo.com\/landing\/wp-content\/uploads\/2020\/03\/total.png\" alt=\"total\"><\/figure>\n<figure><img decoding=\"async\" src=\"https:\/\/www.wojo.com\/landing\/wp-content\/uploads\/2020\/03\/fresh.png\" alt=\"fresh\"><\/figure>\n<figure><img decoding=\"async\" src=\"https:\/\/www.wojo.com\/landing\/wp-content\/uploads\/2020\/03\/deliveroo.png\" alt=\"deliveroo\"><\/figure>\n<figure><img decoding=\"async\" src=\"https:\/\/www.wojo.com\/landing\/wp-content\/uploads\/2020\/03\/bouygues.png\" alt=\"bouygues\"><\/figure>\n<h2>Nuestros otros espacios<\/h2>\nWojo es tambi\u00e9n\u2026\n\n<img loading=\"lazy\" decoding=\"async\" width=\"800\" height=\"533\" src=\"https:\/\/www.wojo.com\/landing\/wp-content\/uploads\/2020\/08\/wojo_st_lazare.jpg\" alt=\"\" loading=\"lazy\" srcset=\"https:\/\/www.wojo.com\/landing\/wp-content\/uploads\/2020\/08\/wojo_st_lazare.jpg 800w, https:\/\/www.wojo.com\/landing\/wp-content\/uploads\/2020\/08\/wojo_st_lazare-300x200.jpg 300w, https:\/\/www.wojo.com\/landing\/wp-content\/uploads\/2020\/08\/wojo_st_lazare-768x512.jpg 768w\" sizes=\"auto, (max-width: 800px) 100vw, 800px\">\n<h2>Wojo Paris Gare St Lazare<\/h2>\n16 &#8211; 18, rue de Londres<br style=\"color: #585858; font-family: cera_proregular, Arial, sans-serif; font-size: 14px; letter-spacing: normal;\">75009 Paris\n\n<a href=\"https:\/\/www.wojo.com\/les-lieux\/saint-lazare.html\" target=\"_blank\" role=\"button\" rel=\"noopener noreferrer\">\nDescubrir\n<\/a>\n<img loading=\"lazy\" decoding=\"async\" width=\"800\" height=\"533\" src=\"https:\/\/www.wojo.com\/landing\/wp-content\/uploads\/2020\/08\/wojo_defense.jpg\" alt=\"\" loading=\"lazy\" srcset=\"https:\/\/www.wojo.com\/landing\/wp-content\/uploads\/2020\/08\/wojo_defense.jpg 800w, https:\/\/www.wojo.com\/landing\/wp-content\/uploads\/2020\/08\/wojo_defense-300x200.jpg 300w, https:\/\/www.wojo.com\/landing\/wp-content\/uploads\/2020\/08\/wojo_defense-768x512.jpg 768w\" sizes=\"auto, (max-width: 800px) 100vw, 800px\">\n<h2>Wojo Paris La D\u00e9fense \u2013 Coeur D\u00e9fense<\/h2>\n110, esplanade du G\u00e9n\u00e9ral de Gaulle<br style=\"color: #585858; font-family: cera_proregular, Arial, sans-serif; font-size: 14px; letter-spacing: normal;\">92400 Courbevoie\n<a href=\"https:\/\/www.wojo.com\/les-lieux\/coeur-defense.html\" target=\"_blank\" role=\"button\" rel=\"noopener noreferrer\">\nDescubrir\n<\/a>\n<img loading=\"lazy\" decoding=\"async\" width=\"724\" height=\"483\" src=\"https:\/\/www.wojo.com\/landing\/wp-content\/uploads\/2020\/08\/wojo_lille.jpg\" alt=\"\" loading=\"lazy\" srcset=\"https:\/\/www.wojo.com\/landing\/wp-content\/uploads\/2020\/08\/wojo_lille.jpg 724w, https:\/\/www.wojo.com\/landing\/wp-content\/uploads\/2020\/08\/wojo_lille-300x200.jpg 300w\" sizes=\"auto, (max-width: 724px) 100vw, 724px\">\n<h2>Wojo Lille &#8211; Centre<\/h2>\n31, rue de B\u00e9thune<br style=\"color: #585858; font-family: cera_proregular, Arial, sans-serif; font-size: 14px; letter-spacing: normal;\">59000 Lille\n\n<a href=\"https:\/\/www.wojo.com\/les-lieux\/lille.html\" target=\"_blank\" role=\"button\" rel=\"noopener noreferrer\">\nDescubrir\n<\/a>\n\nG\u00e9olocalisez-vous et trouvez l\u2019espace de travail le plus proche\n\n<!-- .lae-carousel-item --><!-- .lae-carousel -->","protected":false},"excerpt":{"rendered":"<p>Tus nuevas oficinas en Barcelona L\u00edder franc\u00e9s del coworking, Wojo ha escogido Barcelona para su nueva apertura y se encuentra en el distrito de Poblenou &#8211; Calle Sancho de \u00c1vila 65, 08018 Barcelona. Wojo Poblenou &#8211; Barcelona es un espacio de trabajo compartido, escritorios dedicados, salas de reuniones creativas y espacios de vida para intercambiar [&hellip;]<\/p>\n","protected":false},"author":1,"featured_media":461,"parent":0,"menu_order":0,"comment_status":"closed","ping_status":"closed","template":"","meta":{"_acf_changed":false,"site-sidebar-layout":"right-sidebar","site-content-layout":"plain-container","ast-site-content-layout":"default","site-content-style":"default","site-sidebar-style":"default","ast-global-header-display":"","ast-banner-title-visibility":"","ast-main-header-display":"","ast-hfb-above-header-display":"","ast-hfb-below-header-display":"","ast-hfb-mobile-header-display":"","site-post-title":"disabled","ast-breadcrumbs-content":"","ast-featured-img":"disabled","footer-sml-layout":"","ast-disable-related-posts":"","theme-transparent-header-meta":"default","adv-header-id-meta":"","stick-header-meta":"default","header-above-stick-meta":"","header-main-stick-meta":"","header-below-stick-meta":"","astra-migrate-meta-layouts":"default","ast-page-background-enabled":"default","ast-page-background-meta":{"desktop":{"background-color":"","background-image":"","background-repeat":"repeat","background-position":"center center","background-size":"auto","background-attachment":"scroll","background-type":"","background-media":"","overlay-type":"","overlay-color":"","overlay-opacity":"","overlay-gradient":""},"tablet":{"background-color":"","background-image":"","background-repeat":"repeat","background-position":"center center","background-size":"auto","background-attachment":"scroll","background-type":"","background-media":"","overlay-type":"","overlay-color":"","overlay-opacity":"","overlay-gradient":""},"mobile":{"background-color":"","background-image":"","background-repeat":"repeat","background-position":"center center","background-size":"auto","background-attachment":"scroll","background-type":"","background-media":"","overlay-type":"","overlay-color":"","overlay-opacity":"","overlay-gradient":""}},"ast-content-background-meta":{"desktop":{"background-color":"var(--ast-global-color-5)","background-image":"","background-repeat":"repeat","background-position":"center center","background-size":"auto","background-attachment":"scroll","background-type":"","background-media":"","overlay-type":"","overlay-color":"","overlay-opacity":"","overlay-gradient":""},"tablet":{"background-color":"var(--ast-global-color-5)","background-image":"","background-repeat":"repeat","background-position":"center center","background-size":"auto","background-attachment":"scroll","background-type":"","background-media":"","overlay-type":"","overlay-color":"","overlay-opacity":"","overlay-gradient":""},"mobile":{"background-color":"var(--ast-global-color-5)","background-image":"","background-repeat":"repeat","background-position":"center center","background-size":"auto","background-attachment":"scroll","background-type":"","background-media":"","overlay-type":"","overlay-color":"","overlay-opacity":"","overlay-gradient":""}},"footnotes":""},"class_list":["post-4882","page","type-page","status-publish","has-post-thumbnail","hentry"],"acf":[],"yoast_head":"<!-- This site is optimized with the Yoast SEO plugin v27.1.1 - https:\/\/yoast.com\/product\/yoast-seo-wordpress\/ -->\n<title>Wojo oficinas en Barcelona<\/title>\n<meta name=\"description\" content=\"Wojo, l\u00edder franc\u00e9s del coworking, abre las puertas de su primer espacio en Barcelona, con m\u00e1s de 900 puestos en oficinas privadas, salas de reuniones y azotea con vista al mar.\" \/>\n<meta name=\"robots\" content=\"index, follow, max-snippet:-1, max-image-preview:large, max-video-preview:-1\" \/>\n<link rel=\"canonical\" href=\"https:\/\/www.wojo.com\/landing\/wp-json\/wp\/v2\/pages\/4882\/\" \/>\n<meta property=\"og:locale\" content=\"fr_FR\" \/>\n<meta property=\"og:type\" content=\"article\" \/>\n<meta property=\"og:title\" content=\"Wojo oficinas en Barcelona\" \/>\n<meta property=\"og:description\" content=\"Wojo, l\u00edder franc\u00e9s del coworking, abre las puertas de su primer espacio en Barcelona, con m\u00e1s de 900 puestos en oficinas privadas, salas de reuniones y azotea con vista al mar.\" \/>\n<meta property=\"og:url\" content=\"https:\/\/www.wojo.com\/landing\/es\/tus-nuevas-oficinas-en-barcelona\/\" \/>\n<meta property=\"og:site_name\" content=\"Wojo\" \/>\n<meta property=\"og:image\" content=\"https:\/\/www.wojo.com\/landing\/wp-content\/uploads\/2020\/03\/Wojo-Spot-Pullman-Bercy.jpg\" \/>\n\t<meta property=\"og:image:width\" content=\"1024\" \/>\n\t<meta property=\"og:image:height\" content=\"594\" \/>\n\t<meta property=\"og:image:type\" content=\"image\/jpeg\" \/>\n<meta name=\"twitter:card\" content=\"summary_large_image\" \/>\n<meta name=\"twitter:label1\" content=\"Dur\u00e9e de lecture estim\u00e9e\" \/>\n\t<meta name=\"twitter:data1\" content=\"6 minutes\" \/>\n<script type=\"application\/ld+json\" class=\"yoast-schema-graph\">{\"@context\":\"https:\/\/schema.org\",\"@graph\":[{\"@type\":\"WebPage\",\"@id\":\"https:\/\/www.wojo.com\/landing\/es\/tus-nuevas-oficinas-en-barcelona\/\",\"url\":\"https:\/\/www.wojo.com\/landing\/es\/tus-nuevas-oficinas-en-barcelona\/\",\"name\":\"Wojo oficinas en Barcelona\",\"isPartOf\":{\"@id\":\"https:\/\/www.wojo.com\/landing\/#website\"},\"primaryImageOfPage\":{\"@id\":\"https:\/\/www.wojo.com\/landing\/es\/tus-nuevas-oficinas-en-barcelona\/#primaryimage\"},\"image\":{\"@id\":\"https:\/\/www.wojo.com\/landing\/es\/tus-nuevas-oficinas-en-barcelona\/#primaryimage\"},\"thumbnailUrl\":\"https:\/\/www.wojo.com\/landing\/wp-content\/uploads\/2020\/03\/Wojo-Spot-Pullman-Bercy.jpg\",\"datePublished\":\"2022-02-28T13:41:18+00:00\",\"description\":\"Wojo, l\u00edder franc\u00e9s del coworking, abre las puertas de su primer espacio en Barcelona, con m\u00e1s de 900 puestos en oficinas privadas, salas de reuniones y azotea con vista al mar.\",\"breadcrumb\":{\"@id\":\"https:\/\/www.wojo.com\/landing\/es\/tus-nuevas-oficinas-en-barcelona\/#breadcrumb\"},\"inLanguage\":\"fr-FR\",\"potentialAction\":[{\"@type\":\"ReadAction\",\"target\":[\"https:\/\/www.wojo.com\/landing\/es\/tus-nuevas-oficinas-en-barcelona\/\"]}]},{\"@type\":\"ImageObject\",\"inLanguage\":\"fr-FR\",\"@id\":\"https:\/\/www.wojo.com\/landing\/es\/tus-nuevas-oficinas-en-barcelona\/#primaryimage\",\"url\":\"https:\/\/www.wojo.com\/landing\/wp-content\/uploads\/2020\/03\/Wojo-Spot-Pullman-Bercy.jpg\",\"contentUrl\":\"https:\/\/www.wojo.com\/landing\/wp-content\/uploads\/2020\/03\/Wojo-Spot-Pullman-Bercy.jpg\",\"width\":1024,\"height\":594,\"caption\":\"Wojo Spot - Pullman Bercy\"},{\"@type\":\"BreadcrumbList\",\"@id\":\"https:\/\/www.wojo.com\/landing\/es\/tus-nuevas-oficinas-en-barcelona\/#breadcrumb\",\"itemListElement\":[{\"@type\":\"ListItem\",\"position\":1,\"name\":\"Accueil\",\"item\":\"https:\/\/www.wojo.com\/landing\/\"},{\"@type\":\"ListItem\",\"position\":2,\"name\":\"Tus nuevas oficinas en Barcelona\"}]},{\"@type\":\"WebSite\",\"@id\":\"https:\/\/www.wojo.com\/landing\/#website\",\"url\":\"https:\/\/www.wojo.com\/landing\/\",\"name\":\"Wojo\",\"description\":\"\",\"publisher\":{\"@id\":\"https:\/\/www.wojo.com\/landing\/#organization\"},\"potentialAction\":[{\"@type\":\"SearchAction\",\"target\":{\"@type\":\"EntryPoint\",\"urlTemplate\":\"https:\/\/www.wojo.com\/landing\/?s={search_term_string}\"},\"query-input\":{\"@type\":\"PropertyValueSpecification\",\"valueRequired\":true,\"valueName\":\"search_term_string\"}}],\"inLanguage\":\"fr-FR\"},{\"@type\":\"Organization\",\"@id\":\"https:\/\/www.wojo.com\/landing\/#organization\",\"name\":\"Wojo\",\"url\":\"https:\/\/www.wojo.com\/landing\/\",\"logo\":{\"@type\":\"ImageObject\",\"inLanguage\":\"fr-FR\",\"@id\":\"https:\/\/www.wojo.com\/landing\/#\/schema\/logo\/image\/\",\"url\":\"https:\/\/www.wojo.com\/landing\/wp-content\/uploads\/2020\/10\/wojologo.png\",\"contentUrl\":\"https:\/\/www.wojo.com\/landing\/wp-content\/uploads\/2020\/10\/wojologo.png\",\"width\":449,\"height\":92,\"caption\":\"Wojo\"},\"image\":{\"@id\":\"https:\/\/www.wojo.com\/landing\/#\/schema\/logo\/image\/\"}}]}<\/script>\n<!-- \/ Yoast SEO plugin. -->","yoast_head_json":{"title":"Wojo oficinas en Barcelona","description":"Wojo, l\u00edder franc\u00e9s del coworking, abre las puertas de su primer espacio en Barcelona, con m\u00e1s de 900 puestos en oficinas privadas, salas de reuniones y azotea con vista al mar.","robots":{"index":"index","follow":"follow","max-snippet":"max-snippet:-1","max-image-preview":"max-image-preview:large","max-video-preview":"max-video-preview:-1"},"canonical":"https:\/\/www.wojo.com\/landing\/wp-json\/wp\/v2\/pages\/4882\/","og_locale":"fr_FR","og_type":"article","og_title":"Wojo oficinas en Barcelona","og_description":"Wojo, l\u00edder franc\u00e9s del coworking, abre las puertas de su primer espacio en Barcelona, con m\u00e1s de 900 puestos en oficinas privadas, salas de reuniones y azotea con vista al mar.","og_url":"https:\/\/www.wojo.com\/landing\/es\/tus-nuevas-oficinas-en-barcelona\/","og_site_name":"Wojo","og_image":[{"width":1024,"height":594,"url":"https:\/\/www.wojo.com\/landing\/wp-content\/uploads\/2020\/03\/Wojo-Spot-Pullman-Bercy.jpg","type":"image\/jpeg"}],"twitter_card":"summary_large_image","twitter_misc":{"Dur\u00e9e de lecture estim\u00e9e":"6 minutes"},"schema":{"@context":"https:\/\/schema.org","@graph":[{"@type":"WebPage","@id":"https:\/\/www.wojo.com\/landing\/es\/tus-nuevas-oficinas-en-barcelona\/","url":"https:\/\/www.wojo.com\/landing\/es\/tus-nuevas-oficinas-en-barcelona\/","name":"Wojo oficinas en Barcelona","isPartOf":{"@id":"https:\/\/www.wojo.com\/landing\/#website"},"primaryImageOfPage":{"@id":"https:\/\/www.wojo.com\/landing\/es\/tus-nuevas-oficinas-en-barcelona\/#primaryimage"},"image":{"@id":"https:\/\/www.wojo.com\/landing\/es\/tus-nuevas-oficinas-en-barcelona\/#primaryimage"},"thumbnailUrl":"https:\/\/www.wojo.com\/landing\/wp-content\/uploads\/2020\/03\/Wojo-Spot-Pullman-Bercy.jpg","datePublished":"2022-02-28T13:41:18+00:00","description":"Wojo, l\u00edder franc\u00e9s del coworking, abre las puertas de su primer espacio en Barcelona, con m\u00e1s de 900 puestos en oficinas privadas, salas de reuniones y azotea con vista al mar.","breadcrumb":{"@id":"https:\/\/www.wojo.com\/landing\/es\/tus-nuevas-oficinas-en-barcelona\/#breadcrumb"},"inLanguage":"fr-FR","potentialAction":[{"@type":"ReadAction","target":["https:\/\/www.wojo.com\/landing\/es\/tus-nuevas-oficinas-en-barcelona\/"]}]},{"@type":"ImageObject","inLanguage":"fr-FR","@id":"https:\/\/www.wojo.com\/landing\/es\/tus-nuevas-oficinas-en-barcelona\/#primaryimage","url":"https:\/\/www.wojo.com\/landing\/wp-content\/uploads\/2020\/03\/Wojo-Spot-Pullman-Bercy.jpg","contentUrl":"https:\/\/www.wojo.com\/landing\/wp-content\/uploads\/2020\/03\/Wojo-Spot-Pullman-Bercy.jpg","width":1024,"height":594,"caption":"Wojo Spot - Pullman Bercy"},{"@type":"BreadcrumbList","@id":"https:\/\/www.wojo.com\/landing\/es\/tus-nuevas-oficinas-en-barcelona\/#breadcrumb","itemListElement":[{"@type":"ListItem","position":1,"name":"Accueil","item":"https:\/\/www.wojo.com\/landing\/"},{"@type":"ListItem","position":2,"name":"Tus nuevas oficinas en Barcelona"}]},{"@type":"WebSite","@id":"https:\/\/www.wojo.com\/landing\/#website","url":"https:\/\/www.wojo.com\/landing\/","name":"Wojo","description":"","publisher":{"@id":"https:\/\/www.wojo.com\/landing\/#organization"},"potentialAction":[{"@type":"SearchAction","target":{"@type":"EntryPoint","urlTemplate":"https:\/\/www.wojo.com\/landing\/?s={search_term_string}"},"query-input":{"@type":"PropertyValueSpecification","valueRequired":true,"valueName":"search_term_string"}}],"inLanguage":"fr-FR"},{"@type":"Organization","@id":"https:\/\/www.wojo.com\/landing\/#organization","name":"Wojo","url":"https:\/\/www.wojo.com\/landing\/","logo":{"@type":"ImageObject","inLanguage":"fr-FR","@id":"https:\/\/www.wojo.com\/landing\/#\/schema\/logo\/image\/","url":"https:\/\/www.wojo.com\/landing\/wp-content\/uploads\/2020\/10\/wojologo.png","contentUrl":"https:\/\/www.wojo.com\/landing\/wp-content\/uploads\/2020\/10\/wojologo.png","width":449,"height":92,"caption":"Wojo"},"image":{"@id":"https:\/\/www.wojo.com\/landing\/#\/schema\/logo\/image\/"}}]}},"_links":{"self":[{"href":"https:\/\/www.wojo.com\/landing\/wp-json\/wp\/v2\/pages\/4882","targetHints":{"allow":["GET"]}}],"collection":[{"href":"https:\/\/www.wojo.com\/landing\/wp-json\/wp\/v2\/pages"}],"about":[{"href":"https:\/\/www.wojo.com\/landing\/wp-json\/wp\/v2\/types\/page"}],"author":[{"embeddable":true,"href":"https:\/\/www.wojo.com\/landing\/wp-json\/wp\/v2\/users\/1"}],"replies":[{"embeddable":true,"href":"https:\/\/www.wojo.com\/landing\/wp-json\/wp\/v2\/comments?post=4882"}],"version-history":[{"count":1,"href":"https:\/\/www.wojo.com\/landing\/wp-json\/wp\/v2\/pages\/4882\/revisions"}],"predecessor-version":[{"id":6157,"href":"https:\/\/www.wojo.com\/landing\/wp-json\/wp\/v2\/pages\/4882\/revisions\/6157"}],"wp:featuredmedia":[{"embeddable":true,"href":"https:\/\/www.wojo.com\/landing\/wp-json\/wp\/v2\/media\/461"}],"wp:attachment":[{"href":"https:\/\/www.wojo.com\/landing\/wp-json\/wp\/v2\/media?parent=4882"}],"curies":[{"name":"wp","href":"https:\/\/api.w.org\/{rel}","templated":true}]}}